2870.
2, 5, 7, 41
List the prime factors of 5938.
2, 2969
What are the prime factors of 19911?
3, 6637
List the prime factors of 42444.
2, 3, 131
What are the prime factors of 32483?
11, 2953
What are the prime factors of 1360?
2, 5, 17
What are the prime factors of 181?
181
List the prime factors of 9207.
3, 11, 31
What are the prime factors of 49663?
49663
What are the prime factors of 1530?
2, 3, 5, 17
What are the prime factors of 14973?
3, 7, 23, 31
List the prime factors of 24943.
24943
List the prime factors of 1094.
2, 547
List the prime factors of 2553.
3, 23, 37
List the prime factors of 5624.
2, 19, 37
What are the prime factors of 1000?
2, 5
List the prime factors of 1154.
2, 577
List the prime factors of 3778.
2, 1889
What are the prime factors of 45305?
5, 13, 17, 41
What are the prime factors of 8191?
8191
What are the prime factors of 37203?
3, 12401
List the prime factors of 17925.
3, 5, 239
What are the prime factors of 2388?
2, 3, 199
List the prime factors of 24215.
5, 29, 167
What are the prime factors of 35323?
35323
What are the prime factors of 27924?
2, 3, 13, 179
List the prime factors of 265.
5, 53
What are the prime factors of 1628?
2, 11, 37
List the prime factors of 3454.
2, 11, 157
List the prime factors of 50572.
2, 47, 269
List the prime factors of 14511.
3, 7, 691
List the prime factors of 24780.
2, 3, 5, 7, 59
List the prime factors of 34.
2, 17
What are the prime factors of 9349?
9349
What are the prime factors of 8562?
2, 3, 1427
List the prime factors of 3329.
3329
List the prime factors of 55.
5, 11
List the prime factors of 1576.
2, 197
What are the prime factors of 359?
359
List the prime factors of 599.
599
What are the prime factors of 125796?
2, 3, 11, 953
List the prime factors of 1098.
2, 3, 61
List the prime factors of 275.
5, 11
What are the prime factors of 30839?
30839
What are the prime factors of 365?
5, 73
List the prime factors of 486.
2, 3
List the prime factors of 973.
7, 139
What are the prime factors of 77643?
3, 8627
What are the prime factors of 1195?
5, 239
List the prime factors of 1323.
3, 7
What are the prime factors of 41816?
2, 5227
What are the prime factors of 520?
2, 5, 13
What are the prime factors of 1265?
5, 11, 23
What are the prime factors of 5351?
5351
What are the prime factors of 570?
2, 3, 5, 19
What are the prime factors of 239?
239
List the prime factors of 8862.
2, 3, 7, 211
List the prime factors of 858.
2, 3, 11, 13
What are the prime factors of 155713?
31, 5023
What are the prime factors of 6038?
2, 3019
What are the prime factors of 27584?
2, 431
List the prime factors of 16.
2
What are the prime factors of 5955?
3, 5, 397
What are the prime factors of 13217?
13217
List the prime factors of 2507.
23, 109
What are the prime factors of 3473?
23, 151
List the prime factors of 3667.
19, 193
List the prime factors of 3742.
2, 1871
What are the prime factors of 2834?
2, 13, 109
List the prime factors of 4156.
2, 1039
List the prime factors of 8402.
2, 4201
List the prime factors of 47299.
7, 29, 233
List the prime factors of 45496.
2, 11, 47
List the prime factors of 25662.
2, 3, 7, 13, 47
List the prime factors of 17133.
3, 5711
List the prime factors of 31293.
3, 19, 61
What are the prime factors of 5161?
13, 397
What are the prime factors of 141250?
2, 5, 113
List the prime factors of 22518.
2, 3, 139
What are the prime factors of 55421?
157, 353
List the prime factors of 1164.
2, 3, 97
List the prime factors of 1108.
2, 277
What are the prime factors of 40823?
40823
What are the prime factors of 57428?
2, 7, 293
List the prime factors of 33346.
2, 16673
List the prime factors of 3003.
3, 7, 11, 13
List the prime factors of 31378.
2, 29, 541
List the prime factors of 24833.
19, 1307
List the prime factors of 1182.
2, 3, 197
List the prime factors of 279.
3, 31
List the prime factors of 479.
479
List the prime factors of 101122.
2, 7, 31, 233
List the prime factors of 89726.
2, 7, 13, 17, 29
What are the prime factors of 977?
977
What are the prime factors of 998?
2, 499
What are the prime factors of 1276?
2, 11, 29
List the prime factors of 2038.
2, 1019
What are the prime factors of 165?
3, 5, 11
List the prime factors of 96.
2, 3
List the prime factors of 993.
3, 331
List the prime factors of 172175.
5, 71, 97
What are the prime factors of 14307?
3, 19, 251
List the prime factors of 35893.
11, 13, 251
List the prime factors of 10601.
10601
List the prime factors of 24768.
2, 3, 43
List the prime factors of 3958.
2, 1979
List the prime factors of 1551.
3, 11, 47
List the prime factors of 24189.
3, 11, 733
List the prime factors of 130.
2, 5, 13
What are the prime factors of 85759?
191, 449
What are the prime factors of 13117?
13, 1009
List the prime factors of 501.
3, 167
List the prime factors of 50710.
2, 5, 11, 461
What are the prime factors of 34859?
11, 3169
What are the prime factors of 1997?
1997
What are the prime factors of 8184?
2, 3, 11, 31
List the prime factors of 1008.
2, 3, 7
What are the prime factors of 245?
5, 7
List the prime factors of 22401.
3, 19, 131
List the prime factors of 3733.
3733
List the prime factors of 907.
907
List the prime factors of 6682.
2, 13, 257
List the prime factors of 5218.
2, 2609
What are the prime factors of 8693?
8693
What are the prime factors of 31929?
3, 29, 367
List the prime factors of 2755.
5, 19, 29
List the prime factors of 91.
7, 13
What are the prime factors of 5105?
5, 1021
List the prime factors of 268.
2, 67
List the prime factors of 42.
2, 3, 7
What are the prime factors of 4776?
2, 3, 199
What are the prime factors of 18783?
3, 2087
List the prime factors of 45350.
2, 5, 907
List the prime factors of 4279.
11, 389
List the prime factors of 109440.
2, 3, 5, 19
What are the prime factors of 108654?
2, 3, 7, 13, 199
List the prime factors of 1807.
13, 139
List the prime factors of 55276.
2, 13, 1063
What are the prime factors of 992?
2, 31
List the prime factors of 9054.
2, 3, 503
List the prime factors of 797.
797
What are the prime factors of 47831?
7, 6833
List the prime factors of 1335.
3, 5, 89
What are the prime factors of 2333?
2333
List the prime factors of 301.
7, 43
What are the prime factors of 27650?
2, 5, 7, 79
List the prime factors of 268.
2, 67
List the prime factors of 3193.
31, 103
What are the prime factors of 2569?
7, 367
What are the prime factors of 3711?
3, 1237
List the prime factors of 8929.
8929
What are the prime factors of 979?
11, 89
What are the prime factors of 16810?
2, 5, 41
List the prime factors of 1087.
1087
What are the prime factors of 1909?
23, 83
List the prime factors of 3629.
19, 191
What are the prime factors of 4497?
3, 1499
List the prime factors of 1839.
3, 613
What are the prime factors of 3727?
3727
What are the prime factors of 4708?
2, 11, 107
List the prime factors of 24411.
3, 79, 103
What are the prime factors of 4076?
2, 1019
What are the prime factors of 2067?
3, 13, 53
What are the prime factors of 484?
2, 11
List the prime factors of 7361.
17, 433
List the prime factors of 39522.
2, 3, 7, 941
List the prime factors of 839.
839
List the prime factors of 8382.
2, 3, 11, 127
List the prime factors of 7812.
2, 3, 7, 31
List the prime factors of 868.
2, 7, 31
List the prime factors of 25126.
2, 17, 739
What are the prime factors of 12306?
2, 3, 7, 293
What are the prime factors of 20?
2, 5
List the prime factors of 25215.
3, 5, 41
List the prime factors of 71606.
2, 35803
What are the prime factors of 2144?
2, 67
List the prime factors of 4679.
4679
List the prime factors of 1802.
2, 17, 53
What are the prime factors of 414?
2, 3, 23
What are the prime factors of 67?
67
List the prime factors of 809.
809
List the prime factors of 26412.
2, 3, 31, 71
List the prime factors of 13389.
3, 4463
List the prime factors of 3144.
2, 3, 131
What are the prime factors of 607?
607
What are the prime factors of 14353?
31, 463
What are the prime factors of 24871?
7, 11, 17, 19
What are the prime factors of 1367?
1367
What are the prime factors of 1504?
2, 47
What are the prime factors of 862?
2, 431
List the prime factors of 23809.
29, 821
What are the prime factors of 2712?
2, 3, 113
What are the prime factors of 640?
2, 5
What are the prime factors of 12343?
